{"id":94,"date":"2025-02-11T04:13:16","date_gmt":"2025-02-11T04:13:16","guid":{"rendered":"https:\/\/www.conexionwnm.com\/?page_id=94"},"modified":"2025-02-11T21:37:24","modified_gmt":"2025-02-11T21:37:24","slug":"seguridad","status":"publish","type":"page","link":"https:\/\/www.conexionwnm.com\/?page_id=94","title":{"rendered":"Seguridad"},"content":{"rendered":"\t\t<div data-elementor-type=\"wp-page\" data-elementor-id=\"94\" class=\"elementor elementor-94\" data-elementor-post-type=\"page\">\n\t\t\t\t<div class=\"elementor-element elementor-element-ec84f62 e-flex e-con-boxed e-con e-parent\" data-id=\"ec84f62\" data-element_type=\"container\">\n\t\t\t\t\t<div class=\"e-con-inner\">\n\t\t\t\t<div class=\"elementor-element elementor-element-ae98ee7 elementor-widget-divider--view-line elementor-widget elementor-widget-divider\" data-id=\"ae98ee7\" data-element_type=\"widget\" data-widget_type=\"divider.default\">\n\t\t\t\t<div class=\"elementor-widget-container\">\n\t\t\t\t\t\t\t<div class=\"elementor-divider\">\n\t\t\t<span class=\"elementor-divider-separator\">\n\t\t\t\t\t\t<\/span>\n\t\t<\/div>\n\t\t\t\t\t\t<\/div>\n\t\t\t\t<\/div>\n\t\t\t\t<div class=\"elementor-element elementor-element-40eede1 elementor-widget elementor-widget-heading\" data-id=\"40eede1\" data-element_type=\"widget\" data-widget_type=\"heading.default\">\n\t\t\t\t<div class=\"elementor-widget-container\">\n\t\t\t\t\t<h2 class=\"elementor-heading-title elementor-size-default\">Seguridad de Datos, Backup en L\u00ednea<\/h2>\t\t\t\t<\/div>\n\t\t\t\t<\/div>\n\t\t\t\t<div class=\"elementor-element elementor-element-0237468 elementor-widget elementor-widget-text-editor\" data-id=\"0237468\" data-element_type=\"widget\" data-widget_type=\"text-editor.default\">\n\t\t\t\t<div class=\"elementor-widget-container\">\n\t\t\t\t\t\t\t\t\t<p><strong>\u00bfCu\u00e1nto vale su informaci\u00f3n? \u00a1Seguramente mucho m\u00e1s de lo que costar\u00eda protegerla!<\/strong><\/p><p>En los \u00faltimos tiempos han surgido unos ataques de hacker que insertan programas de virus que bloquean o da\u00f1an los archivos en los servidores donde se guardan los datos de las empresas, estos con el objetivo de cobrar altas sumas de dinero para desbloquearles los archivos y sistemas, entonces, en el caso de que la empresa no aceda a pagar la suma solicitada, esta pierde toda la informaci\u00f3n que ten\u00eda almacenadas en estos servidores.<\/p><p>Los datos de una empresa en la actualidad se han convertido en su principal activo, ya que ellos representan todas las opereciones que d\u00eda a d\u00eda genera la empresa y facilitan la tomas de decisiones en el momento necesario<\/p><p>Nuestra empresa cuenta com un servidor estrat\u00e9gicamente ubicado en Estados Unidos y trabaja de forma integrada com un Software que se instala en el servidor de su empresa.<br \/>\u00a0Este Software lo programamos para que diariamente a una hora espec\u00edfica realice una copia de seguridad de sus sistema y sea transmitido de forma segura por internet a nuestro servidor en Estados Unidos. Esta cop\u00eda se envia encriptada por una clave de seguridad la cual solo conoce usted como propietario de la iformaci\u00f3n, lo cual garantiza 100% que sus datos est\u00e1n almacenados de forma segura.<\/p><p>Con una peque\u00f1a inversi\u00f3n mensual usted garantiza que no importa la cat\u00e1strofe que pueda pasar con su compa\u00f1\u00eda o sus equipos de c\u00f3mputos, sus datos estan totalmente seguros y listo para usarse en el momento deseado.<\/p>\t\t\t\t\t\t\t\t<\/div>\n\t\t\t\t<\/div>\n\t\t\t\t\t<\/div>\n\t\t\t\t<\/div>\n\t\t\t\t<\/div>\n\t\t","protected":false},"excerpt":{"rendered":"<p>Seguridad de Datos, Backup en L\u00ednea \u00bfCu\u00e1nto vale su informaci\u00f3n? \u00a1Seguramente mucho m\u00e1s de lo que costar\u00eda protegerla! En los \u00faltimos tiempos han surgido unos ataques de hacker que insertan programas de virus que bloquean o da\u00f1an los archivos en los servidores donde se guardan los datos de las empresas, estos con el objetivo de [&hellip;]<\/p>\n","protected":false},"author":1,"featured_media":0,"parent":0,"menu_order":0,"comment_status":"closed","ping_status":"closed","template":"templates\/frontpage.php","meta":{"footnotes":""},"class_list":["post-94","page","type-page","status-publish","hentry"],"_links":{"self":[{"href":"https:\/\/www.conexionwnm.com\/index.php?rest_route=\/wp\/v2\/pages\/94","targetHints":{"allow":["GET"]}}],"collection":[{"href":"https:\/\/www.conexionwnm.com\/index.php?rest_route=\/wp\/v2\/pages"}],"about":[{"href":"https:\/\/www.conexionwnm.com\/index.php?rest_route=\/wp\/v2\/types\/page"}],"author":[{"embeddable":true,"href":"https:\/\/www.conexionwnm.com\/index.php?rest_route=\/wp\/v2\/users\/1"}],"replies":[{"embeddable":true,"href":"https:\/\/www.conexionwnm.com\/index.php?rest_route=%2Fwp%2Fv2%2Fcomments&post=94"}],"version-history":[{"count":0,"href":"https:\/\/www.conexionwnm.com\/index.php?rest_route=\/wp\/v2\/pages\/94\/revisions"}],"wp:attachment":[{"href":"https:\/\/www.conexionwnm.com\/index.php?rest_route=%2Fwp%2Fv2%2Fmedia&parent=94"}],"curies":[{"name":"wp","href":"https:\/\/api.w.org\/{rel}","templated":true}]}}